{"id":15808,"date":"2024-12-19T20:24:41","date_gmt":"2024-12-19T20:24:41","guid":{"rendered":"https:\/\/ulusotoyedekparca.com\/?post_type=product&#038;p=15808"},"modified":"2025-02-01T12:33:28","modified_gmt":"2025-02-01T12:33:28","slug":"8200699560-emniyet-kemeri-on-sag-yolcu-renault-megane-2","status":"publish","type":"product","link":"https:\/\/ulusotoyedekparca.com\/?product=8200699560-emniyet-kemeri-on-sag-yolcu-renault-megane-2","title":{"rendered":"8200699560 Emniyet Kemeri \u00d6n Sa\u011f (Yolcu) Renault Megane 2"},"content":{"rendered":"<p>\u00dcr\u00fcn\u00fcm\u00fcz 8200699560 Emniyet Kemeri \u00d6n Sa\u011f (Yolcu) Renault Megane 2. Bu \u00dcr\u00fcn\u00fc ULUS Otomotiv olarak sizlere ula\u015ft\u0131rmaktay\u0131z.<\/p>\n<p>\u00dcr\u00fcn stok ve fiyat bilgisi i\u00e7in ileti\u015fime ge\u00e7ebilirsiniz.<\/p>\n<p><strong>Oem Numaras\u0131:<\/strong>\u00a08200699560<\/p>\n<p><strong>\u00dcr\u00fcn Markas\u0131 :<\/strong>\u00a0Orjinal<\/p>\n<p>\u00dcr\u00fcnlerin arac\u0131n\u0131za uygun olup olmad\u0131\u011f\u0131n\u0131 do\u011frulamak i\u00e7in l\u00fctfen 0537 691 94 18 \u00a0numaral\u0131 whatsapp hatt\u0131ndan bize ula\u015f\u0131n\u0131z.<\/p>\n<p>&nbsp;<\/p>\n","protected":false},"excerpt":{"rendered":"<p>\u00dcr\u00fcn\u00fcm\u00fcz 8200699560 Emniyet Kemeri \u00d6n Sa\u011f (Yolcu) Renault Megane 2. Bu \u00dcr\u00fcn\u00fc ULUS Otomotiv olarak sizlere ula\u015ft\u0131rmaktay\u0131z.<\/p>\n<p>\u00dcr\u00fcn stok ve fiyat bilgisi i\u00e7in ileti\u015fime ge\u00e7ebilirsiniz.<\/p>\n<p><strong>Oem Numaras\u0131:<\/strong>\u00a08200699560<\/p>\n<p><strong>\u00dcr\u00fcn Markas\u0131 :<\/strong>\u00a0Orjinal<\/p>\n<p>\u00dcr\u00fcnlerin arac\u0131n\u0131za uygun olup olmad\u0131\u011f\u0131n\u0131 do\u011frulamak i\u00e7in l\u00fctfen 0537 691 94 18 \u00a0numaral\u0131 whatsapp hatt\u0131ndan bize ula\u015f\u0131n\u0131z.<\/p>\n<p>&nbsp;<\/p>\n","protected":false},"featured_media":15809,"template":"","meta":[],"product_cat":[321,311],"product_tag":[352,351,350,353],"class_list":{"0":"post-15808","1":"product","2":"type-product","3":"status-publish","4":"has-post-thumbnail","6":"product_cat-megane","7":"product_cat-renault","8":"product_tag-352","9":"product_tag-8200699560-emniyet-kemeri-on-sag-yolcu-renault-megane","10":"product_tag-8200699560-emniyet-kemeri-on-sag-yolcu-renault-megane-2","11":"product_tag-emniyet-kemeri-on-sag-yolcu-renault-megane-2","12":"pa_arac-markasi-renault","14":"first","15":"instock","16":"shipping-taxable","17":"product-type-simple"},"_links":{"self":[{"href":"https:\/\/ulusotoyedekparca.com\/index.php?rest_route=\/wp\/v2\/product\/15808","targetHints":{"allow":["GET"]}}],"collection":[{"href":"https:\/\/ulusotoyedekparca.com\/index.php?rest_route=\/wp\/v2\/product"}],"about":[{"href":"https:\/\/ulusotoyedekparca.com\/index.php?rest_route=\/wp\/v2\/types\/product"}],"version-history":[{"count":3,"href":"https:\/\/ulusotoyedekparca.com\/index.php?rest_route=\/wp\/v2\/product\/15808\/revisions"}],"predecessor-version":[{"id":15833,"href":"https:\/\/ulusotoyedekparca.com\/index.php?rest_route=\/wp\/v2\/product\/15808\/revisions\/15833"}],"wp:featuredmedia":[{"embeddable":true,"href":"https:\/\/ulusotoyedekparca.com\/index.php?rest_route=\/wp\/v2\/media\/15809"}],"wp:attachment":[{"href":"https:\/\/ulusotoyedekparca.com\/index.php?rest_route=%2Fwp%2Fv2%2Fmedia&parent=15808"}],"wp:term":[{"taxonomy":"product_cat","embeddable":true,"href":"https:\/\/ulusotoyedekparca.com\/index.php?rest_route=%2Fwp%2Fv2%2Fproduct_cat&post=15808"},{"taxonomy":"product_tag","embeddable":true,"href":"https:\/\/ulusotoyedekparca.com\/index.php?rest_route=%2Fwp%2Fv2%2Fproduct_tag&post=15808"}],"curies":[{"name":"wp","href":"https:\/\/api.w.org\/{rel}","templated":true}]}}